46. What is the units digit of l?
1
Suppose 49 + 1586 = 3*l - 3*k, -2720 = -5*l + 4*k. Suppose l*o + 1466 = 541*o. What is the units digit of o?
6
Suppose 6*h - 4*u + 12128 = 8*h, -5*h = u - 30356. Suppose 0 = 618*w - 612*w - h. What is the tens digit of w?
1
Suppose 4*j + 76 = -f + 2*j, 4*j + 398 = -5*f. Let u = -75 - f. Suppose 3460 = u*z + 1402. What is the units digit of z?
4
Suppose -202*h + 3816 + 238827 - 50743 = 0. What is the tens digit of h?
5
Suppose -4*a - 14693 = -l, -5*a + 73465 = 3*l + 2*l. What is the units digit of l?
3
Let d(c) = 13*c - 31. Let t(p) = -14*p + 31. Let x(y) = 5*d(y) + 4*t(y). Let a(r) = 16*r - 61. Let l(j) = 3*a(j) - 5*x(j). What is the tens digit of l(19)?
2
Let x(j) = j**2 - 18*j - 17. Let d be x(19). Suppose 0*q + q = 5*o + 33, 0 = -o + d*q - 3. What is the tens digit of o/(-14) + 374/4?
9
Suppose f = 8*f - 413. Let v(w) = 40*w + 1. Let g be v(3). Let j = g - f. What is the units digit of j?
2
What is the units digit of 13112 + -1 + (4 - -2)?
7
Suppose -12*m + 59176 = -16*m. What is the hundreds digit of (m/(-65))/(4/10)?
5
Let a(d) = 2*d**2 - 34*d - 33. Let b be a(18). Suppose -3*n - 566 = -2*j, b*j = 7*n - 2*n + 847. What is the tens digit of j?
8
Let a be (-1136)/(-44) + 20/110. Suppose 1465 = 27*m - a*m. What is the thousands digit of m?
1
Let x be -1 + (1 - 4) + 13. Suppose -234 = x*n - 10*n. What is the hundreds digit of n?
2
Let w(y) = -y**2 + 23*y + 6. Suppose -2*h - 20 = -6*h. Suppose 2*m - 25 = -h*k, 0 = 4*k + m + m - 18. What is the hundreds digit of w(k)?
1
Suppose 0 = -0*g - g + 5. Suppose -2*v = g*u - 2425, -4*u - 3474 - 2506 = -5*v. What is the thousands digit of v?
1
What is the units digit of (1080/27 - 111)/((-2)/16)?
8
Suppose 5*l - 188 = 122. Let s = l + -54. Suppose -w - 2*y + s = -4, y = 2*w - 39. What is the units digit of w?
8
Let j be -55 - -54 - 1*-4. What is the hundreds digit of (j*-3)/((-1)/324*6)?
4
Let l(j) = -34*j + 11. Let s be -3 - (9/6)/(6/8). What is the tens digit of l(s)?
8
Suppose 454 = -4*x + 1390. Let f = -179 + x. What is the units digit of f?
5
Suppose 16 = 2*l - 4*l. Let d(f) = -2*f**3 - 9*f**2 + 14*f + 25. What is the hundreds digit of d(l)?
3
Let p = -51 - -53. Suppose -3*a = 7*m - 2*m - 238, p*m - 250 = -3*a. What is the units digit of a?
6
Suppose 19*o = -2*o + 52983. Let i = o - 1415. What is the tens digit of i?
0
Suppose 806*l - 209340 = -4*a + 811*l, 4*l = -5*a + 261757. What is the tens digit of a?
4
Suppose 262*l = 252*l - 70. What is the tens digit of (-12)/42*l - -105?
0
Let y = 16022 - 7065. What is the thousands digit of y?
8
Let z be (-202)/(-6) + 3/9. Suppose d = 3*d + 2*q + z, -5*q + 11 = -d. What is the tens digit of 21*2/(-12)*d?
5
Suppose 0 = -5*q + 3*u + 47347, -4*u + 9442 - 28392 = -2*q. What is the tens digit of q?
6
Let k(x) = -x**3 + 3*x**2 - 7*x - 87. Let v be k(-13). Let q = v - 1528. What is the tens digit of q?
8
Suppose 2*w + 600 = -5*z, -3*w - 11 - 4 = 0. Let h = z - -206. Let d = -61 + h. What is the units digit of d?
7
Let l = 544 + -2493. Let x be l/(-3) + 0 + (-60)/90. Suppose -5*n - 4*y = -641, 4*y + 0*y + x = 5*n. What is the hundreds digit of n?
1
Let m be (1 - 0) + 2633 + 36/3. Suppose 8*r = -r + m. What is the hundreds digit of r?
2
Let x(n) = -n**3 + 4*n**2 + 2*n - 13. Let c be x(3). Suppose -11 + 356 = c*g - 5*i, -834 = -5*g + 3*i. What is the tens digit of g?
6
What is the hundreds digit of (75/15)/(20/111564)?
8
What is the ten thousands digit of 11433 + 64 - 3/(9/30)?
1
Let c be (-4718)/(-6) - (-6)/(-18). Suppose -j + c = 4*z, 2271 + 834 = 4*j + 3*z. Suppose 6*b + 24 = j. What is the hundreds digit of b?
1
Suppose 47*u = 35*u + 11040. Suppose 34*c - 36*c + u = 0. What is the hundreds digit of c?
4
Suppose -5*j + 363158 = -y, -83432 = 3*j - y - 301328. What is the thousands digit of j?
2
Let t be (24/(-10))/(10/(-25)). Suppose -t*r = -445 - 215. What is the units digit of r?
0
Let w = -73 + 73. Suppose w = -8*x + 604 - 3076. What is the units digit of ((x/4)/3)/((-1)/4)?
3
What is the units digit of (-7 + 7 + 2)/(2/4) - -6450?
4
Let t(w) = -7*w - 25. Let z(j) = 2*j - 24. Let p be z(17). Suppose 0 = -3*s - p - 2. What is the units digit of t(s)?
3
Let t = -2755 - -5691. What is the hundreds digit of t?
9
What is the hundreds digit of -1192*16/28*14/(-4)?
3
Suppose -101*w + 375 = j - 105*w, 0 = 5*j - 4*w - 1987. Let t be -1 + 1 - 506/2. Let p = j + t. What is the units digit of p?
0
Suppose j + 53 = 5*r + 14, 3*j = 5*r - 37. Let h(f) = -196*f**2 - f**3 - 5 + 7*f + 203*f**2 + 7 + 3 + 4. What is the units digit of h(r)?
1
Let u(g) = 5*g**2 - 5*g - 7. Let k = -38 - -48. Suppose -9*p + k*p = -4. What is the units digit of u(p)?
3
Suppose -6*u + 2007 + 3657 = 0. Suppose -784 = -16*w + u. Suppose -104*b = -w*b + 516. What is the hundreds digit of b?
1
Suppose -8*i = -26*i + 108. Suppose -4*r = -2*r + 3*o - 135, 2*r - o = 131. Let d = r - i. What is the tens digit of d?
6
Suppose -31*d + 29*d = -46. Let m = 666 - d. Suppose -v - 3*v + 3*f = -m, 2*v - 299 = -3*f. What is the units digit of v?
7
Let w be 4 - (-5 + 0/1). Let l(z) = 4*z - 32. Let d be l(w). Let s(c) = 12*c**2 + c + 1. What is the units digit of s(d)?
7
Suppose 5*g = 11*i - 9*i - 33, 3*g - 5 = -5*i. Suppose 5*n - 5793 = -i*r, 2*r = -2*n + 3409 - 511. Suppose -6*q + r = -186. What is the units digit of q?
3
Let j(i) = 21*i**2 - 4*i - 19. Suppose 2*h + 2*h = -2*x + 80, -x - 107 = -5*h. Suppose -2*u - 4*w = 3*u + 3, -4*u = -3*w + h. What is the tens digit of j(u)?
8
Let s(i) = -i**2 + 4*i + 7. Let g be s(5). Suppose 3*y + g*y + 260 = 0. Let v = 40 - y. What is the tens digit of v?
9
Let a = 738 + -658. What is the hundreds digit of (-3)/(-4) + 40340/a?
5
What is the ten thousands digit of ((-9)/21 + (113731047/252)/(-27))*-4?
6
Let k(v) = -9*v - 15. Let f be k(-26). Let j = f - -117. What is the hundreds digit of j?
3
Suppose g - 27425 = -5*y, -2*g - 21919 = -4*y - 7*g. What is the thousands digit of y?
5
Let f(q) = 3*q**2 + 2*q - 1. Suppose 26 = v + 28. Let u be f(v). Suppose -408 = -u*o + 404. What is the tens digit of o?
1
Let h(y) = 96*y**2 - 9*y + 19. Let b be h(3). Let a = 5 - 1. Suppose a*m = 3*t + b, -824 = -3*m - m - 5*t. What is the hundreds digit of m?
2
Let m(r) = 7*r**2 + 0*r - r + 2*r + 4*r**3 - 3 - 5*r**2. Suppose 2*u = 7*u - 10. What is the tens digit of m(u)?
3
Suppose o - 4 + 3 = -d, -5*d = -4*o + 49. What is the units digit of ((-3)/o)/(4/(-4616))?
7
Let x(j) be the first derivative of j**4/4 - 5*j**3 - 3*j**2/2 + 10*j - 8. Let f be x(15). Let l = 61 + f. What is the tens digit of l?
2
Let l(k) = k + 9. Let x be l(-7). Suppose -68*j = -47*j - 1344. Suppose -j = -x*h - 8. What is the tens digit of h?
2
Suppose -6*p = 2*r - 4*p + 26, -4*p = 2*r + 22. What is the tens digit of (-4 - 85/r)/((-2)/(-498))?
1
Suppose 1312 = 5*k + 5*a - 4*a, 251 = k + 4*a. Suppose 5*q = 3*q + 286. Let d = k - q. What is the units digit of d?
0
Suppose h = -9*n + 8*n + 58765, 5*h + 2*n - 293816 = 0. What is the thousands digit of h?
8
Let u = 142 - 130. What is the tens digit of ((-741)/(-9))/1 - 4/u?
8
Let f(l) = -l**3 - 23*l**2 + 20*l - 28. Let g = -112 + 88. What is the tens digit of f(g)?
6
Let z = 43 + -33. Suppose z*g = g + 2520. What is the hundreds digit of g?
2
Let o(g) = g**2 + g - 19. Suppose 2*k + t = -20, -3*k = -3*t + 6 + 6. Let u be o(k). Let w = u - -6. What is the units digit of w?
3
Suppose 15*x - 3*x = 3912. Let y = 588 - x. What is the hundreds digit of y?
2
Let o(c) = 2*c**3 - 45*c**2 + 10*c + 50. Let z(q) = -q**3 + 23*q**2 - 5*q - 25. Let f(t) = 2*o(t) + 5*z(t). What is the units digit of f(24)?
1
Suppose -v + 2*l = -14, -2*v = 3*v + l - 59. Suppose -v*n + 6*n + 1896 = 0. What is the units digit of n?
6
Let o be (2658/9)/(11/(66/(-4))). Let q = -262 - o. What is the units digit of q?
1
Suppose -2*s + n - 2 = 6, 2*n = 8. What is the tens digit of s/(-8)*(4 - -262*4)?
6
Let j = 1893 - 1774. What is the tens digit of j?
1
Suppose 74361 - 46491 = 39*y - 164127. What is the units digit of y?
3
Suppose 85*w + 49*w + 1537182 - 7466682 = 0. What is the hundreds digit of w?
2
Let b(a) = a**2 - 5*a - 8. Let l be b(7). Suppose -524 = -l*y - 146. What is the tens digit of (-4)/((-9)/12*6/y)?
5
Suppose -4574518 + 7980897 + 7528064 = 247*o. What is the ten thousands